r when 3629 is divided by 110.
109
Calculate the remainder when 75 is divided by 13.
10
Calculate the remainder when 2 is divided by 2.
0
Calculate the remainder when 354 is divided by 51.
48
What is the remainder when 23 is divided by 18?
5
Calculate the remainder when 114 is divided by 26.
10
What is the remainder when 304 is divided by 17?
15
Calculate the remainder when 3162 is divided by 33.
27
Calculate the remainder when 675 is divided by 7.
3
Calculate the remainder when 52 is divided by 19.
14
Calculate the remainder when 994 is divided by 163.
16
What is the remainder when 702 is divided by 346?
10
What is the remainder when 1874 is divided by 28?
26
What is the remainder when 394 is divided by 82?
66
Calculate the remainder when 337 is divided by 134.
69
Calculate the remainder when 2025 is divided by 52.
49
Calculate the remainder when 32 is divided by 18.
14
Calculate the remainder when 1396 is divided by 77.
10
Calculate the remainder when 1292 is divided by 108.
104
Calculate the remainder when 163 is divided by 93.
70
What is the remainder when 436 is divided by 7?
2
Calculate the remainder when 206 is divided by 36.
26
What is the remainder when 297 is divided by 23?
21
Calculate the remainder when 1382 is divided by 63.
59
Calculate the remainder when 78 is divided by 38.
2
What is the remainder when 86 is divided by 37?
12
Calculate the remainder when 200 is divided by 4.
0
What is the remainder when 8603 is divided by 13?
10
What is the remainder when 206 is divided by 9?
8
What is the remainder when 3821 is divided by 39?
38
Calculate the remainder when 2518 is divided by 70.
68
What is the remainder when 994 is divided by 290?
124
Calculate the remainder when 2111 is divided by 2104.
7
Calculate the remainder when 267 is divided by 17.
12
What is the remainder when 496 is divided by 25?
21
What is the remainder when 70 is divided by 5?
0
Calculate the remainder when 7314 is divided by 7.
6
Calculate the remainder when 474 is divided by 168.
138
Calculate the remainder when 606 is divided by 218.
170
What is the remainder when 1515 is divided by 20?
15
What is the remainder when 183 is divided by 14?
1
What is the remainder when 252 is divided by 43?
37
What is the remainder when 4307 is divided by 131?
115
What is the remainder when 72 is divided by 16?
8
Calculate the remainder when 169 is divided by 25.
19
What is the remainder when 1280 is divided by 327?
299
Calculate the remainder when 1356 is divided by 136.
132
Calculate the remainder when 8489 is divided by 10.
9
What is the remainder when 920 is divided by 97?
47
Calculate the remainder when 306 is divided by 147.
12
What is the remainder when 2108 is divided by 23?
15
Calculate the remainder when 2048 is divided by 44.
24
Calculate the remainder when 453 is divided by 75.
3
Calculate the remainder when 127 is divided by 55.
17
What is the remainder when 149 is divided by 16?
5
Calculate the remainder when 17 is divided by 11.
6
What is the remainder when 430 is divided by 29?
24
Calculate the remainder when 1154 is divided by 36.
2
What is the remainder when 84 is divided by 13?
6
Calculate the remainder when 72 is divided by 25.
22
Calculate the remainder when 452 is divided by 92.
84
Calculate the remainder when 1478 is divided by 478.
44
What is the remainder when 37 is divided by 36?
1
What is the remainder when 494 is divided by 97?
9
Calculate the remainder when 6159 is divided by 137.
131
What is the remainder when 164 is divided by 56?
52
What is the remainder when 764 is divided by 8?
4
Calculate the remainder when 230 is divided by 6.
2
Calculate the remainder when 50 is divided by 15.
5
What is the remainder when 814 is divided by 17?
15
Calculate the remainder when 2109 is divided by 96.
93
Calculate the remainder when 60 is divided by 18.
6
What is the remainder when 54 is divided by 21?
12
Calculate the remainder when 8288 is divided by 9.
8
Calculate the remainder when 2590 is divided by 18.
16
Calculate the remainder when 375 is divided by 63.
60
Calculate the remainder when 50 is divided by 15.
5
Calculate the remainder when 214 is divided by 27.
25
What is the remainder when 246 is divided by 117?
12
Calculate the remainder when 159 is divided by 63.
33
What is the remainder when 681 is divided by 41?
25
What is the remainder when 108 is divided by 14?
10
What is the remainder when 3800 is divided by 81?
74
Calculate the remainder when 63 is divided by 26.
11
Calculate the remainder when 219 is divided by 118.
101
What is the remainder when 73 is divided by 20?
13
What is the remainder when 105 is divided by 19?
10
What is the remainder when 107 is divided by 16?
11
Calculate the remainder when 539 is divided by 8.
3
Calculate the remainder when 964 is divided by 119.
12
Calculate the remainder when 296 is divided by 40.
16
What is the remainder when 373 is divided by 17?
16
What is the remainder when 171 is divided by 60?
51
What is the remainder when 220 is divided by 93?
34
What is the remainder when 4317 is divided by 18?
15
Calculate the remainder when 60 is divided by 10.
0
What is the remainder when 90 is divided by 34?
22
Calculate the remainder when 115 is divided by 12.
7
Calculate the remainder when 141 is divided by 130.
11
Calculate the remainder when 431 is divided by 31.
28
Calculate the remainder when 695 is divided by 58.
57
What is the remainder when 42 is divided by 13?
3
Calculate the remainder when 70 is divided by 45.
25
What is the remainder when 3518 is divided by 22?
20
Calculate the remainder when 2137 is divided by 65.
57
What is the remainder when 1417 is divided by 20?
17
Calculate the remainder when 1438 is divided by 72.
70
What is the remainder when 34 is divided by 4?
2
What is the remainder when 219 is divided by 107?
5
Calculate the remainder when 372 is divided by 119.
15
What is the remainder when 1668 is divided by 150?
18
Calculate the remainder when 1315 is divided by 20.
15
Calculate the remainder when 653 is divided by 133.
121
Calculate the remainder when 323 is divided by 87.
62
What is the remainder when 172 is divided by 44?
40
Calculate the remainder when 272 is divided by 57.
44
Calculate the remainder when 856 is divided by 19.
1
Calculate the remainder when 918 is divided by 184.
182
Calculate the remainder when 1834 is divided by 45.
34
What is the remainder when 300 is divided by 65?
40
What is the remainder when 755 is divided by 38?
33
What is the remainder when 41 is divided by 29?
12
What is the remainder when 47 is divided by 17?
13
Calculate the remainder when 5898 is divided by 100.
98
What is the remainder when 296 is divided by 8?
0
What is the remainder when 117 is divided by 33?
18
Calculate the remainder when 264 is divided by 181.
83
Calculate the remainder when 99 is divided by 36.
27
Calculate the remainder when 434 is divided by 21.
14
What is the remainder when 166 is divided by 16?
6
Calculate the remainder when 250 is divided by 68.
46
Calculate the remainder when 826 is divided by 45.
16
Calculate the remainder when 1148 is divided by 32.
28
What is the remainder when 675 is divided by 113?
110
Calculate the remainder when 130 is divided by 67.
63
What is the remainder when 2065 is divided by 15?
10
Calculate the remainder when 160 is divided by 79.
2
Calculate the remainder when 183 is divided by 48.
39
Calculate the remainder when 74 is divided by 33.
8
What is the remainder when 1467 is divided by 113?
111
Calculate the remainder when 166 is divided by 12.
10
What is the remainder when 470 is divided by 80?
70
Calculate the remainder when 2407 is divided by 242.
229
What is the remainder when 7545 is divided by 37?
34
Calculate the remainder when 139 is divided by 13.
9
What is the remainder when 525 is divided by 132?
129
Calculate the remainder when 250 is divided by 27.
7
Calculate the remainder when 142 is divided by 31.
18
Calculate the remainder when 182 is divided by 134.
48
What is the remainder when 118 is divided by 38?
4
What is the remainder when 2902 is divided by 22?
20
Calculate the remainder when 499 is divided by 25.
24
Calculate the remainder when 109 is divided by 28.
25
Calculate the remainder when 546 is divided by 177.
15
What is the remainder 